 + -276. What is the units digit of m?
4
Let u(j) = j - 1 + 14 - j**2 - 9*j - 5*j. What is the tens digit of u(-7)?
5
Suppose 2*x - 5*i - 53 = 49, 4*x - 4*i = 180. What is the tens digit of x?
4
Let z(u) be the third derivative of 19*u**5/30 + u**4/2 + 7*u**3/2 + 9*u**2. What is the tens digit of z(-2)?
4
Let k(s) = -s**3 - 5*s**2 - 6*s - 4. Let w(g) be the third derivative of g**4/24 + 2*g**3/3 - 9*g**2. Let h be w(-8). What is the units digit of k(h)?
4
Let i(b) = b**2 + 10*b + 131. What is the hundreds digit of i(-33)?
8
Let v(c) = -22 - 8*c + 2*c + 3. Suppose 174 = -47*z - 108. What is the tens digit of v(z)?
1
What is the thousands digit of (-379 + (-6 - -2))/((-3)/15)?
1
Let a be (3/(-4)*-12)/(0 - -1). Suppose a + 49 = 2*q. What is the units digit of q?
9
What is the units digit of (2/6)/((-30)/(-37440))?
6
Suppose -6*c = -5558 + 1604. What is the tens digit of c?
5
Suppose -19 = 6*f - 13. What is the tens digit of 18/((10/3)/f)*-5?
2
Suppose o - 51 = 2*a, -o - 4*a + 3*a + 66 = 0. Suppose -o = -j + 18. What is the units digit of j?
9
Let k = 810 - 235. What is the units digit of k?
5
Let t be (-7)/42 - 2/(-12)*1. Suppose -2*y + 34 - 6 = t. What is the units digit of y?
4
Let i = 22 + -30. Let u(g) = -9*g**2 + 2 + 6 + g**2 - 3*g - g**3. What is the tens digit of u(i)?
3
Let f(k) = -106*k - 229. What is the units digit of f(-6)?
7
Let v be (-12 + 15)/((-6)/(-334)). Suppose 5*j - v = 4*j. What is the hundreds digit of j?
1
Let h = 57 + 218. What is the tens digit of h?
7
Suppose -4 = 2*x - 8. Let l be 1*x/5*10. Suppose -l*r + 88 + 8 = 0. What is the tens digit of r?
2
Suppose 0 = 2*k + 5 - 11. What is the tens digit of (49/k + -3)*3?
4
Suppose 19*w - 16 = 11*w. Suppose 4*c + 487 = 4*q - 397, 454 = w*q - 5*c. What is the hundreds digit of q?
2
Suppose -80 = 4*d - 0*d. Let a = 61 + d. What is the units digit of a?
1
Let m be 154/4 - 5/10. Let a(j) = -4*j + 7*j - 2*j + 0*j + m*j**2. What is the tens digit of a(-1)?
3
Let m(g) = -g**2. Let w(q) = -180*q**2 - q - 1. Let s(l) = 4*m(l) - w(l). What is the tens digit of s(-1)?
7
Let n(z) = -33 + 1 + 28*z**2 - 10*z - 26*z**2. What is the hundreds digit of n(11)?
1
Let m(t) = -t**3 - 13*t**2 - 16*t - 2. Let c = -3 + -8. Let j be (-1 + 2)*-1 + c. What is the units digit of m(j)?
6
Let f(q) be the second derivative of 2/3*q**3 - 10*q + 0 + 5/12*q**4 - 5/2*q**2. What is the tens digit of f(3)?
5
Let j be (-15)/6*(-6)/5. Let r(k) = -k**2 + 2*k + 2. Let z be r(j). What is the tens digit of -4 - 6*z - -40?
4
Let h = -2 + 5. Let q be 30/(h + 27/(-6)). What is the tens digit of (130/q)/((-2)/16)?
5
Suppose 0 = v - 3*q + 6*q - 699, 2*v - 1368 = 4*q. What is the hundreds digit of v?
6
Let n be 22/(-77) - (355/7 - 0). What is the hundreds digit of 527/n*(-30)/2?
1
Suppose 2*x + 3*x - 20 = 0, 2*k + 4*x - 24 = 0. Let b be (-7 - -3 - -19)*5. Suppose h = k*h - b. What is the units digit of h?
5
Suppose 5 = -6*c - 7. What is the tens digit of 1/(1 + c) + (9 - -9)?
1
Suppose 2*l + 2 = -2*c + 3*c, l + 15 = -3*c. What is the tens digit of 20/(c + 0) + 178?
7
Let v = -3 - -5. Suppose -f = 10*f + 187. What is the units digit of (-3 - f/v)*4?
2
Let z = 76 - 73. What is the units digit of (124/z)/(8/12)?
2
Let a(r) = -2*r**2 + 15*r - 3. Let t(d) = -3*d**2 + 16*d - 2. Let k(f) = -4*a(f) + 3*t(f). Suppose -23 = 5*n + 7. What is the tens digit of k(n)?
4
Let q(h) = -h**3 - 29*h**2 + 108*h + 39. What is the tens digit of q(-33)?
3
Suppose 0 = -2*o + 1089 - 395. What is the units digit of o?
7
Suppose -4*o + 8977 = 5*g, -4*g - 8986 = -4*o - 6*g. What is the tens digit of o?
4
Suppose -1 = 3*l + 2*t - 3, 4*t = -4*l. Let k(z) = -z**3 + 9*z**2 + 11*z - 10. Let q be k(10). Suppose -l*u = -q*u - 8. What is the units digit of u?
4
Let u be 716/4*2*1/2. Let s = -118 + u. What is the tens digit of s?
6
Let i(b) = 633*b**2 - 6*b + 3. What is the hundreds digit of i(1)?
6
Suppose -o + 12 = -2. Let j be (16/6)/(o/(-315)). What is the units digit of 5/15 + j/(-9)?
7
Let n(o) = -377*o + 3. What is the tens digit of n(-2)?
5
Let s(x) be the third derivative of -x**4/8 + 40*x**3/3 + 11*x**2 + 1. What is the tens digit of s(-15)?
2
Let o(c) = -c**2 - 13*c - 11. Let u be o(-12). Let v be (-2 - -2) + 3*u. Suppose q - 184 = -v*q. What is the units digit of q?
6
Let y(x) = -2*x - 10. Let k be y(-6). Suppose 5*v - 3 = k. Let g(m) = 25*m**2 + m. What is the tens digit of g(v)?
2
Let r(x) = -5*x**2 - 2*x + 3. Let y be r(2). What is the tens digit of (-555)/y + (-15)/35?
2
Suppose 0 = 2*a + 5*w - 161, 4*a + 2*w - 114 - 200 = 0. What is the units digit of a?
8
Let m be (-920)/(-8)*(-3)/1. Let f be ((-50)/40)/(1/4). What is the tens digit of (2/3)/(f/m)?
4
Let a(n) = -n**3 + 31*n + 136. What is the thousands digit of a(-15)?
3
Let o(x) = -5*x**2 + x. Let p be o(-4). Let s be 519/7 - (-12)/p. Suppose -s + 4 = -5*u. What is the tens digit of u?
1
Let f be (-152)/(-2)*(-2)/(-4). Let z(y) = 2*y - 11. Let o be z(-1). Let g = o + f. What is the tens digit of g?
2
Let v = 17 - 56. Let l(g) = 4*g**2 - g - 4. Let d be l(-4). Let a = v + d. What is the units digit of a?
5
Let u(y) = -3*y**2 + 9 + y - 4*y - y**3 - 4*y**2. Suppose 2*p + 6 = 5*o - 3, 0 = -5*p + 4*o - 31. What is the units digit of u(p)?
0
Let y = 29 - 26. What is the units digit of y + 80 - (-1)/(-1)?
2
Let w(m) = 862*m - 11. What is the hundreds digit of w(1)?
8
Let n(u) = -2*u**3 + 27*u**2 + 12*u - 2. What is the units digit of n(12)?
4
Suppose 130*j = 135*j - 8455. What is the thousands digit of j?
1
Let a(f) = -f**2 - 2*f + 31. Let r be 2/4*4 + 2. Suppose -n + r*j - 20 = -6*n, 5*j - 25 = -2*n. What is the tens digit of a(n)?
3
Let u = 4 - 2. Suppose -u*p + 6 = p. Suppose -16 = -w - 5*m, p*m + 20 + 11 = 3*w. What is the tens digit of w?
1
Suppose 5*f - 32 = d, 40 = 3*f + 2*f - 5*d. What is the tens digit of 474/18 + 4/f?
2
Let q = -25 - -54. Suppose 0 = 4*x + 3*o - 37, -3*x + 4*o + q + 5 = 0. What is the units digit of 94*(-4 - (-45)/x)?
7
What is the tens digit of (-74)/777 + (-2711)/(-21)?
2
Suppose -11*m = -8901 - 5487. What is the thousands digit of m?
1
Suppose -4*u - 2*f = 46, -33 = 3*u - 0*f + f. Let z be (24/20)/((-3)/u). Suppose 0 = -2*h + h - s + 5, -52 = -4*h + z*s. What is the units digit of h?
9
Suppose -l - j = j + 23, -16 = 4*j. Let r be 21 + 6*(-1)/(-2). Let d = r + l. What is the units digit of d?
9
Let i be -4 + 1 + 7 + -20. Let o = -14 - i. Let h(z) = 2*z**2 - z + 1. What is the units digit of h(o)?
7
Suppose 8*a + 30 = 10*a. Let m(h) = -h**3 - 4*h**2 + 5*h. Let g be m(-5). Let s = g + a. What is the units digit of s?
5
Let h be 28/(-8) - (-2)/(-4). Let w be 4 + -3 + h/(-4). What is the tens digit of ((-104)/32)/(w/(-16))?
2
What is the hundreds digit of 1594/2 - (3 + (-2 - -4))?
7
Let l(r) = -r**3 - 6*r**2 - 3*r + 8. Let q be l(-4). Let w(d) = -2*d + 10. What is the tens digit of w(q)?
3
What is the units digit of ((-3 - -1) + 3)/((-5)/(-1535))?
7
Let f(j) = j. Let w(h) = h**2 - 11*h + 3. Let u(s) = -5*f(s) - w(s). Let i be u(6). What is the tens digit of 0 - (180/3)/i?
2
Let q(s) = -s**2 - s + 19. Let v(f) = f**2 + f - 18. Let n(r) = 3*q(r) + 4*v(r). What is the tens digit of n(8)?
5
Let i(l) = l**2 + 0*l**2 - l + 7 + 0*l**2. Let k be i(8). Let f = k + -41. What is the units digit of f?
2
Let m = 34 - 27. Let y(v) = v**2 + 3. What is the units digit of y(m)?
2
Suppose -4*d - 2*i + 2512 = 0, 3*d = -2*i + 323 + 1559. What is the units digit of d?
0
What is the thousands digit of -3 + 28/21 + (-10030)/(-6)?
1
Suppose 0 = 2*j - 6*j. Suppose j = 6*s - 74 + 14. What is the tens digit of s?
1
Let i = -105 + 107. Suppose 0 = -2*m - 2*m - i*b + 382, -4*m + b = -379. What is the tens digit of m?
9
Suppose 0 = 8*n - 2*n. Suppose n = 2*d + 7 - 127. What is the tens digit of d?
6
Let s = -3 + 5. Suppose -3*y + 5*y + 6 = 2*l, l = 5. What is the units digit of (y + 4)/(4/s)?
3
Suppose 0 = 7*d + 143 + 32. Let s(u) = -12*u - 62. What is the tens digit of s(d)?
3
Let m(z) = -1044*z - 151. What is the units digit of m(-3)?
1
Let n(u) = 17*u**3 + u. Let y be n(1). Suppose 0*t = 3*t - y. Suppose 7*a = t*a + 8. What is the units digit of a?
8
Let r(i) = -i**3 + 26*i**2 + 14*i - 6. What is the tens digit of r(26)?
5
What is the units digit of (13 + -3)/((-46)/(-14421))?
5
What is the tens digi